
Calculate (-14 - (-4 - 11)) + 1 + (19 - (-9 - 0)).
30
What is (-9 + 5 - -3) + (-50 + 21 + -24 - -9)?
-45
Evaluate 109 + -54 + -54 + 117.
118
Evaluate 11 + -19 + -36 + (104 - 90).
-30
Calculate (31 - 15) + (5 - 0) + (-14 - -17) + 0.
24
Calculate (30 - (89 - 56)) + (3 - 10).
-10
What is the value of -32 - (-23 - (-8 + -11 + (-11 - -18)))?
-21
Evaluate -3 + 32 - 0 - (-24 - (-28 - -9)).
34
-85 - (-53 - -29 - 25)
-36
What is the value of -10 + (-8 - -31) + 0 + -25 - 43?
-55
What is 41 + -13 - (0 + 1 - (23 - 24))?
26
Evaluate 4 + 9 + -4 - (18 - 29 - -8).
12
Evaluate -15 + (36 - 17 - (16 - 6)) + 132 + 0.
126
Calculate (16 + 7 - 25) + 2 + -33 - 3.
-36
Evaluate -2 + 6 - (-5 + -17 + 61).
-35
What is the value of -54 - -51 - (17 + -14)?
-6
Evaluate 9 + (51 - 4 - (10 + (2 - 18))).
62
Evaluate -16 + 14 + 84 + -79.
3
What is the value of -67 + 34 + (86 - 11)?
42
5 + 0 + -1 + (-179 - -433) + -307
-49
What is (-8 - -19) + 0 + -15 - (20 + -139)?
115
(49 + -225 - -73) + 135
32
(46 - 49) + (11 - 9 - -11) + (-62 - -1)
-51
Calculate -70 - ((2 - 1) + -12 + 6 + -8 + 28).
-85
Calculate -53 + 70 + (-64 - 22).
-69
What is the value of 0 - -14 - (-37 + 52 + 14)?
-15
-2 - 1 - (7274 - 7327)
50
What is the value of 0 - (2 - 12) - (-17554 - -17442)?
122
What is -98 + (-75 - -115 - -17)?
-41
What is 13 + (1 + -76 - (18 + 0 + -14))?
-66
Calculate ((19 - 21) + 11 - (-3 + (3 - -2))) + -39.
-32
-6248 + 6244 - (21 + 0)
-25
Calculate 53 - (-34 + (31 - -16)).
40
Evaluate -3 + (69 + -55 + -7 - (-1 - -1)).
4
What is 7 - (3 + -8 + -10) - (17 + -6)?
11
48 - 9 - (-9 - 3 - -15 - -6)
30
Calculate 1 + (-3 + 10 + -26 - -16).
-2
Calculate -27 - (32 - -14) - -58.
-15
Calculate (-3 - 46) + -18 + (13 - -11) + 6.
-37
Evaluate -8 + -4 + -17 + 22 + 129 + 1 + -4.
119
Evaluate (80 + -33 + -30 - 31) + 24.
10
What is 0 + (7 - 14 - -7 - (23 + -9))?
-14
Evaluate -21 + 27 + -40 + 49.
15
Evaluate (7 + 7 - (6 - 17 - 19)) + (2 - -2).
48
What is the value of -45 - (-2 + -19 + (-35 - -38))?
-27
10 + (-11 - 34) + -14 - (4 - 12)
-41
What is the value of 18 - 23 - ((4 - 89) + (-5 - -4)) - -8?
89
What is the value of -3 + 32 - (15 + -23 + 8 - (2 + 1))?
32
What is -639 + 687 + -44 + 2?
6
Evaluate (-7 - -7) + -113 + (29 - -2).
-82
What is -22 + (0 - -24) + (8 - 11)?
-1
What is 180 + -142 + 2 + (-3 - -35)?
72
What is 16 + (-81 - (-43 + -78))?
56
Evaluate -87 + (13 - (-55 - -102)).
-121
What is the value of 3 + -34 - (7 - -56 - 80)?
-14
Calculate -16 + (10 - ((11 - 0) + (-270 - -190))).
63
What is -8 + -45 + (18 - 23 - 0)?
-58
(-1 - -1 - (1 - 5)) + -256 + 267 + 12
27
Evaluate 42 + -31 - 12 - 36 - 3.
-40
64 + -71 + 4 + 0 + -136 + -5 + 30
-114
What is the value of -53 + (-128 - -27) + 234?
80
-14 - (7 - -49 - 103)
33
Evaluate 22 + 1 + 0 + (-41 - -19) + 18.
19
What is -7 + -12 + -5 + (106 - 15)?
67
What is (-19 - (4 - 7) - -16) + (0 - -3)?
3
(50 - 49) + (14 - (0 + 97) - -12)
-70
-43 - (-57 - -75 - 9)
-52
Calculate 322 - 335 - (-59 + 11).
35
What is the value of -15 + 29 + (8 - -6) + 0 + -14?
14
-5 + -3 + -3 + -21 - (0 + -1 + 11)
-42
-10 + (16 + -41 + 15 - -2 - -17)
-1
(-18 - (12 - 46 - -21)) + 29
24
What is the value of 98 + -45 + 70 + -10?
113
(7 - 74) + (413 - 391)
-45
Calculate -100 + (165 - 108) + 83.
40
What is the value of 20 + -24 + 28 + (-47 - -7)?
-16
-70 + 35 - (-6 - (-13 + 6))
-36
What is the value of -35 + -1 + (-1225 - -1198)?
-63
Calculate -24 - -1 - (-372 + 337).
12
What is 39 + 1 + -542 + 595?
93
Evaluate -25 + 28 + -26 + -6 + 38.
9
(1 + -5 - (92 + -42 + -37)) + -10 + 3
-24
What is the value of (11515 - 11430) + -5 + -3 + -3 + 2?
76
What is (170 - 155) + -28 + 7 + -6?
-12
What is the value of (-34 - -115) + -173 - -24?
-68
Calculate (-9 - (-8 + 7)) + 3 - (12 - (3 - 0)).
-14
22 + ((-5 - 13) + -29 - -12)
-13
Calculate 32 - (275 + -275 - (2 - 23)).
11
What is the value of 21 - (9 + 2) - (-4 + 1)?
13
Calculate (1 - -7) + (-334 - -324) + -27 + 1 + -1.
-29
What is 6 + -6 - (-42 - -20) - -3?
25
Calculate 4 - ((-8 + 22 + 12 + 6 - 12) + -11).
-5
What is (-15 - (-37 + 19 + -25 + -9)) + 6?
43
What is (0 - (1 + -4 + 8 - -2)) + (-13 - 6)?
-26
What is -7 - (16 - ((5 - 19) + 24)) - -9?
-4
What is the value of -17 - (1 + -7 + 2 + -56)?
43
Calculate -5 - -1 - (27 + (10 - 41)) - -4 - -63.
67
What is -30 + 6 + (-21 - -16) + 13?
-16
272 + -45 + -83 + -63
81
What is the value of (1 - 1) + 24 + -5571 + 5547?
0
What is 40 - 59 - (-6 - -5 - 7)?
-11
What is -1 + 3 - 5 - (94 - (-6 - -18 - 19))?
-104
Calculate 41 + -22 + -61 - -6 - -28.
-8
What is the value of -5782 + 5703 + (0 - 11)?
-90
What is (-6 - -23) + (-258 - -107) + 16?
-118
What is the value of (-4 + 2 - -35) + (56 - 67)?
22
What is 6 - 12 - 0 - 1 - (11 + 11)?
-29
What is (7 - 18) + 7 + (-26 + 13 - 54)?
-71
What is the value of -30 + (10 + -8 + -4 - -3)?
-29
What is the value of -4 + (-16 - -9) + 5 - (-9 + -2)?
5
Calculate 72 - (2 + -1) - (-185 + (284 - 101)).
73
Calculate (-34 - -122) + -35 - ((-4 - -17) + 2).
38
What is -74 + 9 + 45 - (1 + 1 + -3 + 0)?
-19
Evaluate 11 + -12 + (-13 - -26) + (6 - -23).
41
What is the value of 20 + 22 + 7 - (-18 + 15)?
52
Evaluate (-85 - (7 + -3)) + (-14 + (-1 - -17) - 12).
-99
What is the value of -9984 + 10046 - (-48 + 3)?
107
(10 - -52 - 76) + -31
-45
(-4 - 11) + (-18 - (21 + -23))
-31
Evaluate (9 - 4) + 0 + (-1 - (-3 + -2) - 58).
-49
(112 - -2) + (2021 - 2083) + (42 - 0)
94
-16 - -14 - (7 - (-1 - 4)) - -56
42
Evaluate 30 - ((-15 - -42) + -11).
14
What is the value of 30 - ((20 - -4) + 11) - (1 - 16)?
10
Evaluate 20 + -1 + (-80 - (143 - (43 - -25))).
-136
Calculate (-32 + -99 - -111) + (92 - 2).
70
Calculate (12 - 2) + -53 + 22 + 11.
-10
Evaluate 11 - 1 - ((6 - 7) + 1 - -26).
-16
Evaluate -13 - (-395 - -411 - (6 + 0)).
-23
Calculate 22 + (-4 + -3 - (9 + -16 + 7)).
15
Calculate -47 + -16 + 10 + 24 - -3.
-26
What is (-72 + -21 - (0 - -14)) + 13 + -2 + -1?
-97
What is (-126 - 12) + -15 + 16 + (3 + 0 - 18)?
-152
What is the value of 38 + -3 + 10 + 17 + 0 + (49 - 62)?
49
Calculate 88 + 154 - 245 - (-1 - 1).
-1
Calculate -13 + -3 - -7 - (-33 + 1 - -37).
-14
Evaluate -23 - (10 - (16 + 14 - 48)).
-51
Evaluate 29 - (45 + -76 + 26 - -41).
-7
Calculate -87 + -52 + 114 + 1.
-24
What is 25 + -44 + (-55 - -80)?
6
What is the value of 15 + -8 + -12 + -2 - ((4 - 13) + -64)?
66
What is the value of 93 + (-88 - -18) + 59?
82
What is the value of 1 + (5 - (-1 - -4)) - (183 - 173)?
-7
Evaluate -4 + (1 + -8 - 6) + (51 - -3).
37
What is (-6 + (5 - -6) - -13) + (-44 - -51)?
25
Evaluate -37 + (83 - (-65 - -84)).
27
-34 + 92 + -34 + -5
19
Evaluate -25 + -8 - (-27 - -1) - (-2 + 0 + -72).
67
What is the value of (3347 - 3376) + (61 - 1)?
31
What is 124 - (232 + -75 + -41)?
8
Calculate -6 + 129 + 41 + -25 - 26.
113
Calculate 121 + -138 + (21 - 10 - -8).
2
Evaluate 10 + (-24 - -13) + (-9 - -22) - (1 + -10).
21
Calculate -1 + 115 - (-2209 + 2257).
66
Evaluate -25 - (15 - 31) - -42.
33
-63 + -2 - (-1202 - -1196)
-59
Calculate 3 + (-151 + 166 - (1 - -8)) + -60.
-51
What is the value of 1 + (49 - -2) + (-20 - -48) + -22?
58
19 + (80 - -12 - 178)
-67
What is the value of 4 - (14 + -17 + 14) - -21?
14
(-17 - -71) + 193 + -235
12
-10 + (62 - (96 + -59))
15
What is -89 + (-51 - -106) - -42?
8
What is -504 - -523 - ((5 - -6) + -2 + 2)?
8
53 + -1 + 23 + -447 + 414
42
What is -2 + -39 + (27 - (45 + -23 + 19))?
-55
What is the value of 5 - (-18 + 0 + 4 + 25)?
-6
What is the value of -4 + -1 + (-84 - -77) + 0?
-12
What is 68 + (18 - (-6 + 31 - -20))?
41
What is the value of -1 + (0 - -69) - 0 - ((-233 - -267) + -45)?
79
What is the value of (12 - (-9 + 20)) + 19 - -14?
34
-1 - (82 + -135 + -17)
69
(-62 - -216 - 141) + (2 - 94)
-79
Calculate -47 - -1 - (189 - 181) - -5.
-49
Evaluate 25 - (-78 - -188) - -33.
-52
Calculate 95 - (159 + -77 + 22).
-9
What is the value of -8 + (18 + 14 + -4 + -55 - (-2 + 3))?
-36
What is (19 - (5 + -4)) + (171 - 153)?
36
Evaluate -2 + -28 - (-2 + 32 - (164 + -135)).
-31
What is the value of (-1 - ((-11 - -1) + (48 - (48 - 12)))) + 13?
10
What is the value of -38 - (1 + -9 + 1 + -1 - -12 - -4)?
-46
Calculate 0 - 15 - (-13 + -9 + -89).
96
Calculate (4992 - 4988) + -38 + -1.
-35
What is -69 + 38 + 59 + -3 + (3 - 6)?
22
Evaluate 73 + -63 - -77 - 51.
36
(7 - 0) + 5 - (9 + (-39 - -16))
26
Evaluate -7012 + 6999 + (1 - 1 - (-69 + 2)).
54
What is -22 +